82 and 83386.
482
What is the highest common divisor of 39038 and 298?
298
What is the highest common divisor of 536 and 1216?
8
What is the highest common divisor of 53268 and 19596?
276
What is the greatest common divisor of 2691 and 149799?
897
What is the highest common divisor of 4860 and 138915?
405
Calculate the highest common factor of 7328 and 7557.
229
Calculate the greatest common divisor of 1016 and 8824.
8
What is the greatest common factor of 42226 and 98200?
982
What is the greatest common factor of 115 and 1495345?
115
What is the greatest common divisor of 825 and 72875?
275
What is the highest common divisor of 3562 and 92886?
274
What is the highest common divisor of 688857 and 68?
17
What is the highest common factor of 1676 and 59498?
838
What is the greatest common divisor of 256 and 141184?
128
What is the highest common divisor of 150 and 72228?
6
Calculate the highest common factor of 48340 and 245.
5
Calculate the greatest common divisor of 6498 and 900.
18
Calculate the greatest common divisor of 8253422 and 366.
122
Calculate the highest common factor of 120 and 1572.
12
What is the greatest common factor of 62 and 399962?
62
Calculate the greatest common factor of 1091272 and 2.
2
Calculate the highest common divisor of 14 and 68866.
14
Calculate the highest common factor of 49112 and 56.
56
What is the highest common factor of 36941 and 212?
53
What is the greatest common divisor of 6 and 227607?
3
What is the greatest common factor of 1392 and 67686?
174
Calculate the highest common factor of 528 and 2480.
16
Calculate the greatest common factor of 168454 and 2945.
589
Calculate the greatest common divisor of 20008 and 4387.
41
Calculate the greatest common divisor of 1777828 and 573.
191
What is the greatest common factor of 103 and 441870?
103
What is the highest common divisor of 5593 and 2209?
47
Calculate the highest common factor of 95 and 1523.
1
Calculate the highest common factor of 72 and 115011.
9
What is the greatest common divisor of 20542 and 66?
2
Calculate the highest common factor of 9 and 1415439.
9
Calculate the highest common factor of 48 and 7014.
6
Calculate the greatest common divisor of 14477 and 3269.
467
Calculate the highest common divisor of 222280 and 2680.
40
Calculate the greatest common factor of 2919 and 84.
21
Calculate the highest common divisor of 36315 and 32549.
269
What is the greatest common divisor of 8330 and 64190?
490
What is the greatest common factor of 184 and 54188?
92
What is the greatest common factor of 3 and 26601?
3
What is the greatest common factor of 48735 and 115?
5
What is the highest common factor of 82248 and 6109?
149
What is the highest common factor of 111 and 1246382?
37
What is the greatest common factor of 14 and 364483?
7
What is the greatest common divisor of 159 and 3426?
3
What is the highest common divisor of 8 and 2754568?
8
What is the greatest common factor of 1647 and 1269?
27
Calculate the greatest common divisor of 10695 and 885.
15
Calculate the greatest common divisor of 2 and 9497.
1
What is the greatest common factor of 7220 and 26860?
20
Calculate the highest common divisor of 34 and 20009.
17
Calculate the greatest common divisor of 122227 and 209.
19
What is the highest common divisor of 810 and 26?
2
Calculate the greatest common divisor of 1283942 and 22.
22
What is the greatest common divisor of 1241 and 27149?
17
What is the highest common divisor of 172 and 2881?
43
Calculate the highest common divisor of 17504 and 8.
8
Calculate the highest common divisor of 21735 and 47495.
805
What is the highest common factor of 313428 and 12?
12
Calculate the highest common factor of 46 and 314134.
46
Calculate the highest common factor of 421 and 53467.
421
Calculate the greatest common factor of 1647 and 1107.
27
Calculate the highest common factor of 40 and 215.
5
What is the greatest common divisor of 52640 and 175?
35
What is the greatest common factor of 4032 and 939960?
504
Calculate the highest common factor of 49 and 27209.
7
What is the greatest common divisor of 2910632 and 16?
8
What is the greatest common factor of 25688 and 6916?
988
Calculate the greatest common factor of 294 and 174783.
147
Calculate the highest common divisor of 840 and 161770.
70
Calculate the greatest common divisor of 80 and 305570.
10
Calculate the highest common divisor of 230 and 376832.
46
Calculate the greatest common divisor of 2 and 52978.
2
Calculate the highest common divisor of 119 and 459799.
17
What is the greatest common divisor of 221022 and 108?
54
What is the highest common divisor of 810 and 3045?
15
Calculate the greatest common factor of 485 and 57521.
97
What is the highest common divisor of 1982536 and 38?
38
Calculate the highest common factor of 8582 and 42.
14
Calculate the highest common factor of 810 and 5130.
270
Calculate the greatest common divisor of 38675 and 50388.
221
What is the greatest common divisor of 616 and 33992?
56
What is the highest common divisor of 184086 and 54?
54
Calculate the greatest common divisor of 156 and 707508.
12
What is the highest common factor of 3388 and 3872?
484
What is the highest common factor of 4228 and 371?
7
Calculate the highest common factor of 69 and 476284.
23
Calculate the highest common factor of 678 and 2208.
6
What is the highest common divisor of 26265 and 45?
15
What is the greatest common divisor of 394066 and 3?
1
Calculate the highest common factor of 146 and 607652.
146
What is the greatest common divisor of 117160 and 80?
40
Calculate the highest common divisor of 7722 and 434538.
702
What is the greatest common divisor of 54608 and 64?
16
What is the highest common factor of 76648 and 13156?
572
What is the highest common divisor of 228 and 55157?
19
Calculate the greatest common divisor of 22 and 50182.
22
What is the greatest common factor of 11112 and 60?
12
What is the highest common factor of 139972 and 28?
28
Calculate the highest common factor of 1925616 and 66.
66
Calculate the highest common divisor of 3352069 and 241.
241
What is the highest common divisor of 53793 and 23769?
1251
Calculate the highest common divisor of 579885 and 536.
67
What is the greatest common divisor of 88 and 45544?
8
Calculate the highest common divisor of 58005 and 135.
45
Calculate the highest common divisor of 27 and 700758.
27
What is the greatest common divisor of 408 and 10251?
51
What is the greatest common factor of 3307264 and 1024?
256
What is the greatest common divisor of 8143 and 289?
17
What is the greatest common divisor of 20711 and 3129?
149
What is the highest common divisor of 14800 and 775?
25
Calculate the highest common factor of 190629 and 18.
9
Calculate the greatest common factor of 19380 and 3040.
380
What is the greatest common divisor of 680032 and 632?
632
What is the highest common factor of 44592 and 36?
12
Calculate the greatest common divisor of 2104750 and 25.
25
What is the highest common divisor of 2082 and 7698?
6
What is the highest common factor of 17550 and 100950?
150
Calculate the greatest common divisor of 1030 and 637570.
1030
Calculate the greatest common divisor of 560 and 196660.
20
Calculate the highest common divisor of 341542 and 4390.
878
What is the highest common divisor of 9082 and 912?
38
What is the greatest common factor of 614 and 1739462?
614
What is the highest common factor of 31480 and 120?
40
Calculate the greatest common divisor of 14213 and 932.
233
Calculate the greatest common divisor of 10379 and 3880.
97
Calculate the greatest common divisor of 1634 and 874.
38
What is the highest common factor of 178322 and 29538?
1094
Calculate the greatest common factor of 552 and 92416.
8
Calculate the greatest common divisor of 385 and 1046969.
77
Calculate the greatest common divisor of 47043 and 9.
9
Calculate the highest common divisor of 52580 and 12428.
956
Calculate the greatest common factor of 50828 and 4268.
388
Calculate the highest common factor of 142 and 638.
2
What is the highest common factor of 47310 and 3990?
570
What is the greatest common factor of 1632350 and 50?
50
What is the highest common divisor of 9695 and 77837?
277
Calculate the greatest common factor of 294 and 36554.
98
Calculate the greates